{"id":572,"date":"2023-05-30T22:13:43","date_gmt":"2023-05-30T19:13:43","guid":{"rendered":"https:\/\/www.karavansatis.com.tr\/demo3\/?page_id=572"},"modified":"2023-05-30T23:09:10","modified_gmt":"2023-05-30T20:09:10","slug":"gckng","status":"publish","type":"page","link":"https:\/\/www.karavansatis.com.tr\/?page_id=572","title":{"rendered":"Bluetti EB70 Ta\u015f\u0131nabilir G\u00fc\u00e7 Kayna\u011f\u0131"},"content":{"rendered":"<p><strong><img loading=\"lazy\" decoding=\"async\" class=\"alignnone wp-image-568 size-medium\" src=\"https:\/\/www.karavansatis.com.tr\/demo3\/wp-content\/uploads\/2023\/05\/aku5-300x300.webp\" alt=\"\" width=\"300\" height=\"300\" srcset=\"https:\/\/www.karavansatis.com.tr\/wp-content\/uploads\/2023\/05\/aku5-300x300.webp 300w, https:\/\/www.karavansatis.com.tr\/wp-content\/uploads\/2023\/05\/aku5-150x150.webp 150w, https:\/\/www.karavansatis.com.tr\/wp-content\/uploads\/2023\/05\/aku5-32x32.webp 32w, https:\/\/www.karavansatis.com.tr\/wp-content\/uploads\/2023\/05\/aku5-100x100.webp 100w, https:\/\/www.karavansatis.com.tr\/wp-content\/uploads\/2023\/05\/aku5-250x250.webp 250w, https:\/\/www.karavansatis.com.tr\/wp-content\/uploads\/2023\/05\/aku5-500x500.webp 500w, https:\/\/www.karavansatis.com.tr\/wp-content\/uploads\/2023\/05\/aku5-370x370.webp 370w, https:\/\/www.karavansatis.com.tr\/wp-content\/uploads\/2023\/05\/aku5-160x160.webp 160w, https:\/\/www.karavansatis.com.tr\/wp-content\/uploads\/2023\/05\/aku5-480x480.webp 480w, https:\/\/www.karavansatis.com.tr\/wp-content\/uploads\/2023\/05\/aku5-456x456.webp 456w, https:\/\/www.karavansatis.com.tr\/wp-content\/uploads\/2023\/05\/aku5-120x120.webp 120w, https:\/\/www.karavansatis.com.tr\/wp-content\/uploads\/2023\/05\/aku5-180x180.webp 180w, https:\/\/www.karavansatis.com.tr\/wp-content\/uploads\/2023\/05\/aku5.webp 550w\" sizes=\"auto, (max-width: 300px) 100vw, 300px\" \/> <img loading=\"lazy\" decoding=\"async\" class=\"alignnone wp-image-566 size-medium\" src=\"https:\/\/www.karavansatis.com.tr\/demo3\/wp-content\/uploads\/2023\/05\/aku3-300x300.webp\" alt=\"\" width=\"300\" height=\"300\" srcset=\"https:\/\/www.karavansatis.com.tr\/wp-content\/uploads\/2023\/05\/aku3-300x300.webp 300w, https:\/\/www.karavansatis.com.tr\/wp-content\/uploads\/2023\/05\/aku3-150x150.webp 150w, https:\/\/www.karavansatis.com.tr\/wp-content\/uploads\/2023\/05\/aku3-32x32.webp 32w, https:\/\/www.karavansatis.com.tr\/wp-content\/uploads\/2023\/05\/aku3-100x100.webp 100w, https:\/\/www.karavansatis.com.tr\/wp-content\/uploads\/2023\/05\/aku3-250x250.webp 250w, https:\/\/www.karavansatis.com.tr\/wp-content\/uploads\/2023\/05\/aku3-500x500.webp 500w, https:\/\/www.karavansatis.com.tr\/wp-content\/uploads\/2023\/05\/aku3-370x370.webp 370w, https:\/\/www.karavansatis.com.tr\/wp-content\/uploads\/2023\/05\/aku3-160x160.webp 160w, https:\/\/www.karavansatis.com.tr\/wp-content\/uploads\/2023\/05\/aku3-480x480.webp 480w, https:\/\/www.karavansatis.com.tr\/wp-content\/uploads\/2023\/05\/aku3-456x456.webp 456w, https:\/\/www.karavansatis.com.tr\/wp-content\/uploads\/2023\/05\/aku3-120x120.webp 120w, https:\/\/www.karavansatis.com.tr\/wp-content\/uploads\/2023\/05\/aku3-180x180.webp 180w, https:\/\/www.karavansatis.com.tr\/wp-content\/uploads\/2023\/05\/aku3.webp 550w\" sizes=\"auto, (max-width: 300px) 100vw, 300px\" \/> <img loading=\"lazy\" decoding=\"async\" class=\"alignnone size-medium wp-image-567\" src=\"https:\/\/www.karavansatis.com.tr\/demo3\/wp-content\/uploads\/2023\/05\/aku4-300x300.webp\" alt=\"\" width=\"300\" height=\"300\" srcset=\"https:\/\/www.karavansatis.com.tr\/wp-content\/uploads\/2023\/05\/aku4-300x300.webp 300w, https:\/\/www.karavansatis.com.tr\/wp-content\/uploads\/2023\/05\/aku4-150x150.webp 150w, https:\/\/www.karavansatis.com.tr\/wp-content\/uploads\/2023\/05\/aku4-32x32.webp 32w, https:\/\/www.karavansatis.com.tr\/wp-content\/uploads\/2023\/05\/aku4-100x100.webp 100w, https:\/\/www.karavansatis.com.tr\/wp-content\/uploads\/2023\/05\/aku4-250x250.webp 250w, https:\/\/www.karavansatis.com.tr\/wp-content\/uploads\/2023\/05\/aku4-500x500.webp 500w, https:\/\/www.karavansatis.com.tr\/wp-content\/uploads\/2023\/05\/aku4-370x370.webp 370w, https:\/\/www.karavansatis.com.tr\/wp-content\/uploads\/2023\/05\/aku4-160x160.webp 160w, https:\/\/www.karavansatis.com.tr\/wp-content\/uploads\/2023\/05\/aku4-480x480.webp 480w, https:\/\/www.karavansatis.com.tr\/wp-content\/uploads\/2023\/05\/aku4-456x456.webp 456w, https:\/\/www.karavansatis.com.tr\/wp-content\/uploads\/2023\/05\/aku4-120x120.webp 120w, https:\/\/www.karavansatis.com.tr\/wp-content\/uploads\/2023\/05\/aku4-180x180.webp 180w, https:\/\/www.karavansatis.com.tr\/wp-content\/uploads\/2023\/05\/aku4.webp 550w\" sizes=\"auto, (max-width: 300px) 100vw, 300px\" \/> <img loading=\"lazy\" decoding=\"async\" class=\"alignnone size-medium wp-image-565\" src=\"https:\/\/www.karavansatis.com.tr\/demo3\/wp-content\/uploads\/2023\/05\/aku2-300x300.webp\" alt=\"\" width=\"300\" height=\"300\" srcset=\"https:\/\/www.karavansatis.com.tr\/wp-content\/uploads\/2023\/05\/aku2-300x300.webp 300w, https:\/\/www.karavansatis.com.tr\/wp-content\/uploads\/2023\/05\/aku2-150x150.webp 150w, https:\/\/www.karavansatis.com.tr\/wp-content\/uploads\/2023\/05\/aku2-32x32.webp 32w, https:\/\/www.karavansatis.com.tr\/wp-content\/uploads\/2023\/05\/aku2-100x100.webp 100w, https:\/\/www.karavansatis.com.tr\/wp-content\/uploads\/2023\/05\/aku2-250x250.webp 250w, https:\/\/www.karavansatis.com.tr\/wp-content\/uploads\/2023\/05\/aku2-500x500.webp 500w, https:\/\/www.karavansatis.com.tr\/wp-content\/uploads\/2023\/05\/aku2-370x370.webp 370w, https:\/\/www.karavansatis.com.tr\/wp-content\/uploads\/2023\/05\/aku2-160x160.webp 160w, https:\/\/www.karavansatis.com.tr\/wp-content\/uploads\/2023\/05\/aku2-480x480.webp 480w, https:\/\/www.karavansatis.com.tr\/wp-content\/uploads\/2023\/05\/aku2-456x456.webp 456w, https:\/\/www.karavansatis.com.tr\/wp-content\/uploads\/2023\/05\/aku2-120x120.webp 120w, https:\/\/www.karavansatis.com.tr\/wp-content\/uploads\/2023\/05\/aku2-180x180.webp 180w, https:\/\/www.karavansatis.com.tr\/wp-content\/uploads\/2023\/05\/aku2.webp 550w\" sizes=\"auto, (max-width: 300px) 100vw, 300px\" \/> <img loading=\"lazy\" decoding=\"async\" class=\"alignnone size-medium wp-image-564\" src=\"https:\/\/www.karavansatis.com.tr\/demo3\/wp-content\/uploads\/2023\/05\/aku1-300x300.webp\" alt=\"\" width=\"300\" height=\"300\" srcset=\"https:\/\/www.karavansatis.com.tr\/wp-content\/uploads\/2023\/05\/aku1-300x300.webp 300w, https:\/\/www.karavansatis.com.tr\/wp-content\/uploads\/2023\/05\/aku1-150x150.webp 150w, https:\/\/www.karavansatis.com.tr\/wp-content\/uploads\/2023\/05\/aku1-32x32.webp 32w, https:\/\/www.karavansatis.com.tr\/wp-content\/uploads\/2023\/05\/aku1-100x100.webp 100w, https:\/\/www.karavansatis.com.tr\/wp-content\/uploads\/2023\/05\/aku1-250x250.webp 250w, https:\/\/www.karavansatis.com.tr\/wp-content\/uploads\/2023\/05\/aku1-500x500.webp 500w, https:\/\/www.karavansatis.com.tr\/wp-content\/uploads\/2023\/05\/aku1-370x370.webp 370w, https:\/\/www.karavansatis.com.tr\/wp-content\/uploads\/2023\/05\/aku1-160x160.webp 160w, https:\/\/www.karavansatis.com.tr\/wp-content\/uploads\/2023\/05\/aku1-480x480.webp 480w, https:\/\/www.karavansatis.com.tr\/wp-content\/uploads\/2023\/05\/aku1-456x456.webp 456w, https:\/\/www.karavansatis.com.tr\/wp-content\/uploads\/2023\/05\/aku1-120x120.webp 120w, https:\/\/www.karavansatis.com.tr\/wp-content\/uploads\/2023\/05\/aku1-180x180.webp 180w, https:\/\/www.karavansatis.com.tr\/wp-content\/uploads\/2023\/05\/aku1.webp 550w\" sizes=\"auto, (max-width: 300px) 100vw, 300px\" \/>G\u00fcc\u00fcn Hep Yan\u0131nda!<\/strong><\/p>\n<p><strong>EB70<\/strong>\u00a0Ta\u015f\u0131nabilir g\u00fc\u00e7 istasyonu en son teknoloji ile donat\u0131lm\u0131\u015f bir\u00a0<strong>solar jenarat\u00f6rd\u00fcr.<\/strong><\/p>\n<p>Elektrik kesintileri ya da elektrik enerjisine ihtiya\u00e7 duydu\u011funuz her alanda temel ihitya\u00e7lar\u0131n\u0131z\u0131 kar\u015f\u0131lamak i\u00e7in\u00a0<strong>1000W inverter ve 716Wh LifePo4 pi<\/strong>l paketi ile tasarlanm\u0131\u015ft\u0131r.<\/p>\n<p>10 \u00e7\u0131k\u0131\u015f portu ile farkl\u0131 cihazlar\u0131 ayn\u0131 anda \u015farj edebilirsiniz. Cihaz\u0131n \u00fcst k\u0131sm\u0131nda bulunan 15 Watt kablosuz \u015farj pedi ile cep telefonunuzun \u015farj edilmesine kolayl\u0131k sa\u011flar.<br \/>\nMini buzdolab\u0131ndan,led \u0131\u015f\u0131klara kadar acil durumlarda ya da kamp alanlar\u0131nda harika bir enerji depolama sistemedir.<\/p>\n<p>Hareketli ya\u015famlar i\u00e7in lambalar,fanlar,projekt\u00f6rler,foto\u011fraf makinesi, gibi brden fazla cihaza g\u00fc\u00e7 verir.<br \/>\nKamp ve karavana gezilerinizde\u00a0e\u015fsiz bir yol arkada\u015f\u0131d\u0131r. Cihaz \u00fczerinde bulunan Led ayd\u0131nlatma ve LCD ekran\u00a0 ile hem g\u00fcc\u00fcn\u00fcz\u00fc takip edebilir hem de\u00a0karanl\u0131k sizi korkutamaz.<\/p>\n<p>Portatif ve kompakt tasar\u0131m\u0131 ile tek elle ta\u015f\u0131nabilir olmas\u0131n\u0131n yan\u0131 s\u0131ra\u00a0<strong>2500 ya\u015fam d\u00f6ng\u00fcs\u00fc<\/strong>ne sahip olup di\u011fer g\u00fc\u00e7 istasyonlar\u0131na k\u0131yasla daha uzun s\u00fcre kullan\u0131m\u0131n\u0131za hizmet eder.<\/p>\n<p><strong>33*21,6*22,1 cm boyutunda ve sadece 9,7 Kg a\u011f\u0131rl\u0131\u011f\u0131ndad\u0131r.\u00a0<\/strong><\/p>\n<p>EB70 Ta\u015f\u0131nabilir g\u00fc\u00e7 istasyonu ile yolda,kampta,karavanda,elektrik kesintilerinde,Led lambadan,elektrikli oca\u011fa,telefonunuzdan,diz\u00fcst\u00fc bilgisayar\u0131n\u0131za,neredeyse t\u00fcm temel ihtiya\u00e7lar\u0131n\u0131z\u0131 kar\u015f\u0131laman\u0131z i\u00e7in tasarlanm\u0131\u015ft\u0131r.<br \/>\nG\u00fcne\u015f paneleri ile kolayca \u015farj edilebilir,hem \u015farj olurken hemde g\u00fc\u00e7 \u00e7\u0131k\u0131\u015f\u0131 verebilir b\u00f6ylece elektrik ve elektrik depolama konusunda endi\u015felenmenize kalmaz.<\/p>\n<p>&nbsp;<\/p>\n<table border=\"1\" cellspacing=\"1\" cellpadding=\"0\" align=\"center\">\n<caption>\n<h2>Bluetti EB70 Teknik \u00d6zellikler<\/h2>\n<\/caption>\n<tbody>\n<tr>\n<td colspan=\"1\" rowspan=\"2\"><strong>Genel<\/strong><\/td>\n<td>Boyut<\/td>\n<td>32*21,6*22,1Cm<\/td>\n<\/tr>\n<tr>\n<td>A\u011f\u0131rl\u0131k<\/td>\n<td>9,7Kg<\/td>\n<\/tr>\n<tr>\n<td colspan=\"1\" rowspan=\"5\"><strong>P\u0130L<\/strong><\/td>\n<td>Kapasite<\/td>\n<td>716Wh(22.4V,32Ah)<\/td>\n<\/tr>\n<tr>\n<td>Tip<\/td>\n<td>Lifepo4<\/td>\n<\/tr>\n<tr>\n<td>Ya\u015fam d\u00f6ng\u00fcs\u00fc<\/td>\n<td>2500<\/td>\n<\/tr>\n<tr>\n<td>Raf \u00d6mr\u00fc<\/td>\n<td>Her 3-6 Ayda bir %80&#8217;e kadar yeniden \u015farj edilmedir.<\/td>\n<\/tr>\n<tr>\n<td>Y\u00f6netim Sistemi<\/td>\n<td>MPPT,BMS<\/td>\n<\/tr>\n<tr>\n<td colspan=\"1\" rowspan=\"4\"><strong>\u015earj\u00a0S\u00fcresi<\/strong><\/p>\n<p>&nbsp;<\/td>\n<td>AC Adapt\u00f6r\u00fc(Max200W)<\/td>\n<td>\u22484-4.5 Saat<\/td>\n<\/tr>\n<tr>\n<td rowspan=\"2\">G\u00fcne\u015f Paneli<\/td>\n<td>1*200w Panel ile 5-6 saatte \u015farj olur.<\/td>\n<\/tr>\n<tr>\n<td>1*120 Panel ile 7-8 saatte \u015farj olur<\/td>\n<\/tr>\n<tr>\n<td>12\/24v Ara\u00e7 \u015earj\u0131<\/td>\n<td>\u22487-7.5 saat\/4-4.5 saat<\/td>\n<\/tr>\n<\/tbody>\n<\/table>\n","protected":false},"excerpt":{"rendered":"<p>G\u00fcc\u00fcn Hep Yan\u0131nda! EB70\u00a0Ta\u015f\u0131nabilir g\u00fc\u00e7 istasyonu en son teknoloji ile donat\u0131lm\u0131\u015f bir\u00a0solar jenarat\u00f6rd\u00fcr. Elektrik kesintileri ya da elektrik enerjisine ihtiya\u00e7 duydu\u011funuz her alanda temel ihitya\u00e7lar\u0131n\u0131z\u0131 kar\u015f\u0131lamak i\u00e7in\u00a01000W inverter ve 716Wh LifePo4 pil paketi ile tasarlanm\u0131\u015ft\u0131r. 10 \u00e7\u0131k\u0131\u015f portu ile farkl\u0131 cihazlar\u0131 ayn\u0131 anda \u015farj edebilirsiniz. Cihaz\u0131n \u00fcst k\u0131sm\u0131nda bulunan 15 Watt kablosuz \u015farj pedi ile cep telefonunuzun \u015farj edilmesine kolayl\u0131k&#8230;<\/p>\n","protected":false},"author":1,"featured_media":0,"parent":0,"menu_order":0,"comment_status":"closed","ping_status":"closed","template":"","meta":{"footnotes":""},"class_list":["post-572","page","type-page","status-publish","hentry"],"_links":{"self":[{"href":"https:\/\/www.karavansatis.com.tr\/index.php?rest_route=\/wp\/v2\/pages\/572","targetHints":{"allow":["GET"]}}],"collection":[{"href":"https:\/\/www.karavansatis.com.tr\/index.php?rest_route=\/wp\/v2\/pages"}],"about":[{"href":"https:\/\/www.karavansatis.com.tr\/index.php?rest_route=\/wp\/v2\/types\/page"}],"author":[{"embeddable":true,"href":"https:\/\/www.karavansatis.com.tr\/index.php?rest_route=\/wp\/v2\/users\/1"}],"replies":[{"embeddable":true,"href":"https:\/\/www.karavansatis.com.tr\/index.php?rest_route=%2Fwp%2Fv2%2Fcomments&post=572"}],"version-history":[{"count":4,"href":"https:\/\/www.karavansatis.com.tr\/index.php?rest_route=\/wp\/v2\/pages\/572\/revisions"}],"predecessor-version":[{"id":598,"href":"https:\/\/www.karavansatis.com.tr\/index.php?rest_route=\/wp\/v2\/pages\/572\/revisions\/598"}],"wp:attachment":[{"href":"https:\/\/www.karavansatis.com.tr\/index.php?rest_route=%2Fwp%2Fv2%2Fmedia&parent=572"}],"curies":[{"name":"wp","href":"https:\/\/api.w.org\/{rel}","templated":true}]}}