{"id":2,"date":"2023-05-24T22:06:01","date_gmt":"2023-05-24T19:06:01","guid":{"rendered":"https:\/\/www.karavansatis.com.tr\/demo3\/?page_id=2"},"modified":"2023-06-07T22:33:50","modified_gmt":"2023-06-07T19:33:50","slug":"ornek-sayfa","status":"publish","type":"page","link":"https:\/\/www.karavansatis.com.tr\/?page_id=2","title":{"rendered":"Gazl\u0131 \u015eofben"},"content":{"rendered":"\r\n<div>Faydal\u0131 Is\u0131 Y\u00fck\u00fc (max)kW22<\/div>\r\n<div>Faydal\u0131 Is\u0131 Y\u00fck\u00fc (min)kW8,6<\/div>\r\n<div>Gaz KategorisiI 2H, I 3B\/P<\/div>\r\n<div>Ate\u015fleme TipiOtomatik Elektronik<\/div>\r\n<div>Gaz Bas\u0131nc\u0131G20 (20 mbar), G30 (30 mbar)<\/div>\r\n<div>Baca TipiHermetik C12 \/ C42<\/div>\r\n<div>Su Ak\u0131\u015f Kontroll\u00fc<\/div>\r\n<div>Uygun Su Bas\u0131nc\u0131bar0,2 &#8211; 6<\/div>\r\n<div>Baca Borusu\u00d8 60 (egzoz) \/ \u00d8 100 (giri\u015f havas\u0131)<\/div>\r\n<div>So\u011fuk Su Giri\u015fiin\u00e7G 1\/2<\/div>\r\n<div>S\u0131cak Su \u00c7\u0131k\u0131\u015f\u0131in\u00e7G 1\/2<\/div>\r\n<div>Gaz Giri\u015fiin\u00e7G 3\/3<\/div>\r\n<div>Anma Elektrik G\u00fcc\u00fcW40<\/div>\r\n<div>Elektrik Ba\u011flant\u0131s\u0131V &#8211; Hz220-230 AC &#8211; 50<\/div>\r\n<div>\u00dcr\u00fcn \u00d6l\u00e7\u00fcs\u00fcmm512x328x117<\/div>\r\n<p>&nbsp;<\/p>\r\n\n\t\t<style type=\"text\/css\">\n\t\t\t#gallery-1 {\n\t\t\t\tmargin: auto;\n\t\t\t}\n\t\t\t#gallery-1 .gallery-item {\n\t\t\t\tfloat: left;\n\t\t\t\tmargin-top: 10px;\n\t\t\t\ttext-align: center;\n\t\t\t\twidth: 33%;\n\t\t\t}\n\t\t\t#gallery-1 img {\n\t\t\t\tborder: 2px solid #cfcfcf;\n\t\t\t}\n\t\t\t#gallery-1 .gallery-caption {\n\t\t\t\tmargin-left: 0;\n\t\t\t}\n\t\t\t\/* see gallery_shortcode() in wp-includes\/media.php *\/\n\t\t<\/style>\n\t\t<div id='gallery-1' class='gallery galleryid-2 gallery-columns-3 gallery-size-thumbnail'><dl class='gallery-item'>\n\t\t\t<dt class='gallery-icon portrait'>\n\t\t\t\t<a href='https:\/\/www.karavansatis.com.tr\/?attachment_id=828'><img loading=\"lazy\" decoding=\"async\" width=\"70\" height=\"96\" src=\"https:\/\/www.karavansatis.com.tr\/wp-content\/uploads\/2023\/06\/WhatsApp-Image-2023-06-07-at-21.38.13.jpeg\" class=\"attachment-thumbnail size-thumbnail\" alt=\"\" srcset=\"https:\/\/www.karavansatis.com.tr\/wp-content\/uploads\/2023\/06\/WhatsApp-Image-2023-06-07-at-21.38.13.jpeg 749w, https:\/\/www.karavansatis.com.tr\/wp-content\/uploads\/2023\/06\/WhatsApp-Image-2023-06-07-at-21.38.13-23x32.jpeg 23w, https:\/\/www.karavansatis.com.tr\/wp-content\/uploads\/2023\/06\/WhatsApp-Image-2023-06-07-at-21.38.13-73x100.jpeg 73w, https:\/\/www.karavansatis.com.tr\/wp-content\/uploads\/2023\/06\/WhatsApp-Image-2023-06-07-at-21.38.13-183x250.jpeg 183w, https:\/\/www.karavansatis.com.tr\/wp-content\/uploads\/2023\/06\/WhatsApp-Image-2023-06-07-at-21.38.13-366x500.jpeg 366w, https:\/\/www.karavansatis.com.tr\/wp-content\/uploads\/2023\/06\/WhatsApp-Image-2023-06-07-at-21.38.13-370x506.jpeg 370w, https:\/\/www.karavansatis.com.tr\/wp-content\/uploads\/2023\/06\/WhatsApp-Image-2023-06-07-at-21.38.13-117x160.jpeg 117w, https:\/\/www.karavansatis.com.tr\/wp-content\/uploads\/2023\/06\/WhatsApp-Image-2023-06-07-at-21.38.13-402x550.jpeg 402w\" sizes=\"auto, (max-width: 70px) 100vw, 70px\" \/><\/a>\n\t\t\t<\/dt><\/dl><dl class='gallery-item'>\n\t\t\t<dt class='gallery-icon portrait'>\n\t\t\t\t<a href='https:\/\/www.karavansatis.com.tr\/?attachment_id=827'><img loading=\"lazy\" decoding=\"async\" width=\"67\" height=\"96\" src=\"https:\/\/www.karavansatis.com.tr\/wp-content\/uploads\/2023\/06\/IMG-951542402632829247.webp\" class=\"attachment-thumbnail size-thumbnail\" alt=\"\" srcset=\"https:\/\/www.karavansatis.com.tr\/wp-content\/uploads\/2023\/06\/IMG-951542402632829247.webp 602w, https:\/\/www.karavansatis.com.tr\/wp-content\/uploads\/2023\/06\/IMG-951542402632829247-22x32.webp 22w, https:\/\/www.karavansatis.com.tr\/wp-content\/uploads\/2023\/06\/IMG-951542402632829247-70x100.webp 70w, https:\/\/www.karavansatis.com.tr\/wp-content\/uploads\/2023\/06\/IMG-951542402632829247-176x250.webp 176w, https:\/\/www.karavansatis.com.tr\/wp-content\/uploads\/2023\/06\/IMG-951542402632829247-351x500.webp 351w, https:\/\/www.karavansatis.com.tr\/wp-content\/uploads\/2023\/06\/IMG-951542402632829247-370x527.webp 370w, https:\/\/www.karavansatis.com.tr\/wp-content\/uploads\/2023\/06\/IMG-951542402632829247-112x160.webp 112w, https:\/\/www.karavansatis.com.tr\/wp-content\/uploads\/2023\/06\/IMG-951542402632829247-386x550.webp 386w\" sizes=\"auto, (max-width: 67px) 100vw, 67px\" \/><\/a>\n\t\t\t<\/dt><\/dl>\n\t\t\t<br style='clear: both' \/>\n\t\t<\/div>\n\r\n","protected":false},"excerpt":{"rendered":"<p>Faydal\u0131 Is\u0131 Y\u00fck\u00fc (max)kW22 Faydal\u0131 Is\u0131 Y\u00fck\u00fc (min)kW8,6 Gaz KategorisiI 2H, I 3B\/P Ate\u015fleme TipiOtomatik Elektronik Gaz Bas\u0131nc\u0131G20 (20 mbar), G30 (30 mbar) Baca TipiHermetik C12 \/ C42 Su Ak\u0131\u015f Kontroll\u00fc Uygun Su Bas\u0131nc\u0131bar0,2 &#8211; 6 Baca Borusu\u00d8 60 (egzoz) \/ \u00d8 100 (giri\u015f havas\u0131) So\u011fuk Su Giri\u015fiin\u00e7G 1\/2 S\u0131cak Su \u00c7\u0131k\u0131\u015f\u0131in\u00e7G 1\/2 Gaz Giri\u015fiin\u00e7G 3\/3 Anma Elektrik G\u00fcc\u00fcW40 Elektrik&#8230;<\/p>\n","protected":false},"author":1,"featured_media":0,"parent":0,"menu_order":0,"comment_status":"closed","ping_status":"open","template":"","meta":{"footnotes":""},"class_list":["post-2","page","type-page","status-publish","hentry"],"_links":{"self":[{"href":"https:\/\/www.karavansatis.com.tr\/index.php?rest_route=\/wp\/v2\/pages\/2","targetHints":{"allow":["GET"]}}],"collection":[{"href":"https:\/\/www.karavansatis.com.tr\/index.php?rest_route=\/wp\/v2\/pages"}],"about":[{"href":"https:\/\/www.karavansatis.com.tr\/index.php?rest_route=\/wp\/v2\/types\/page"}],"author":[{"embeddable":true,"href":"https:\/\/www.karavansatis.com.tr\/index.php?rest_route=\/wp\/v2\/users\/1"}],"replies":[{"embeddable":true,"href":"https:\/\/www.karavansatis.com.tr\/index.php?rest_route=%2Fwp%2Fv2%2Fcomments&post=2"}],"version-history":[{"count":3,"href":"https:\/\/www.karavansatis.com.tr\/index.php?rest_route=\/wp\/v2\/pages\/2\/revisions"}],"predecessor-version":[{"id":831,"href":"https:\/\/www.karavansatis.com.tr\/index.php?rest_route=\/wp\/v2\/pages\/2\/revisions\/831"}],"wp:attachment":[{"href":"https:\/\/www.karavansatis.com.tr\/index.php?rest_route=%2Fwp%2Fv2%2Fmedia&parent=2"}],"curies":[{"name":"wp","href":"https:\/\/api.w.org\/{rel}","templated":true}]}}